69151 is divided by 6766?
1
What is the remainder when 21889 is divided by 5104?
1473
Calculate the remainder when 30709001 is divided by 176.
169
What is the remainder when 324636 is divided by 13512?
348
What is the remainder when 19534 is divided by 3934?
3798
What is the remainder when 33873 is divided by 33545?
328
Calculate the remainder when 201959695 is divided by 31.
27
Calculate the remainder when 43241414 is divided by 80825.
39
What is the remainder when 90260395 is divided by 40?
35
What is the remainder when 14897933 is divided by 4312?
4285
What is the remainder when 20542991 is divided by 2115?
2111
Calculate the remainder when 4067509 is divided by 7187.
6854
Calculate the remainder when 213236 is divided by 3614.
10
What is the remainder when 660671 is divided by 1856?
1791
Calculate the remainder when 3590085 is divided by 162.
3
Calculate the remainder when 1730183 is divided by 155.
73
What is the remainder when 6319399 is divided by 152?
151
Calculate the remainder when 92808709 is divided by 918898.
11
What is the remainder when 11377464 is divided by 83?
73
Calculate the remainder when 2499459 is divided by 41.
17
What is the remainder when 586501 is divided by 1806?
1357
What is the remainder when 10070504 is divided by 5035247?
10
What is the remainder when 1408973 is divided by 413?
230
Calculate the remainder when 726573 is divided by 6157.
47
Calculate the remainder when 6816 is divided by 3231.
354
What is the remainder when 24672458 is divided by 639?
29
What is the remainder when 103901 is divided by 375?
26
Calculate the remainder when 1015431 is divided by 216.
15
What is the remainder when 818896 is divided by 5977?
47
Calculate the remainder when 4072154 is divided by 3030.
2864
Calculate the remainder when 1793454 is divided by 89624.
974
Calculate the remainder when 737659 is divided by 245851.
106
Calculate the remainder when 1313953 is divided by 116.
21
Calculate the remainder when 788314 is divided by 1.
0
What is the remainder when 110125 is divided by 13?
2
Calculate the remainder when 653013 is divided by 56.
53
What is the remainder when 1456196 is divided by 5201?
5117
What is the remainder when 69129 is divided by 1070?
649
Calculate the remainder when 67011404 is divided by 2684.
2660
Calculate the remainder when 607487326 is divided by 21.
19
What is the remainder when 25694910 is divided by 12847446?
18
Calculate the remainder when 86770648 is divided by 28.
20
What is the remainder when 136298103 is divided by 164?
163
Calculate the remainder when 1492447 is divided by 2129.
18
What is the remainder when 571592909 is divided by 190530961?
26
Calculate the remainder when 884883 is divided by 442438.
7
What is the remainder when 97544832 is divided by 214?
208
What is the remainder when 3658464 is divided by 40?
24
Calculate the remainder when 5208449 is divided by 1061.
0
What is the remainder when 86366 is divided by 82699?
3667
What is the remainder when 27963406 is divided by 256545?
1
What is the remainder when 12469 is divided by 1777?
30
Calculate the remainder when 36334499 is divided by 191.
187
What is the remainder when 104372 is divided by 104119?
253
Calculate the remainder when 62241 is divided by 62119.
122
Calculate the remainder when 119249 is divided by 39721.
86
What is the remainder when 278552 is divided by 13922?
112
What is the remainder when 37104 is divided by 5259?
291
What is the remainder when 332051 is divided by 555?
161
Calculate the remainder when 170054 is divided by 12.
2
Calculate the remainder when 24777082 is divided by 10689.
10669
Calculate the remainder when 32705 is divided by 2656.
833
Calculate the remainder when 79096851 is divided by 255.
186
What is the remainder when 33540208 is divided by 5401?
5399
What is the remainder when 3550930 is divided by 887711?
86
What is the remainder when 10159667 is divided by 18?
17
Calculate the remainder when 156777 is divided by 164.
157
Calculate the remainder when 468679 is divided by 66954.
1
What is the remainder when 10824283 is divided by 101?
12
What is the remainder when 2929817 is divided by 41?
39
What is the remainder when 8216 is divided by 928?
792
Calculate the remainder when 1117937 is divided by 372640.
17
What is the remainder when 3152072 is divided by 155?
147
What is the remainder when 985416 is divided by 5133?
5013
Calculate the remainder when 254645368 is divided by 463.
461
Calculate the remainder when 206266 is divided by 826.
592
What is the remainder when 21488 is divided by 45?
23
What is the remainder when 18308677 is divided by 732346?
27
Calculate the remainder when 261784 is divided by 9349.
12
Calculate the remainder when 28513041 is divided by 55.
51
Calculate the remainder when 218289101 is divided by 113.
108
Calculate the remainder when 61267221 is divided by 12.
9
Calculate the remainder when 23191 is divided by 4490.
741
What is the remainder when 44554473 is divided by 543347?
19
Calculate the remainder when 25584939 is divided by 154.
149
What is the remainder when 428510 is divided by 2244?
2150
What is the remainder when 4381665 is divided by 9981?
6
What is the remainder when 11590 is divided by 506?
458
What is the remainder when 32331 is divided by 636?
531
Calculate the remainder when 70158 is divided by 2039.
832
What is the remainder when 5986584 is divided by 272?
136
Calculate the remainder when 3650526 is divided by 3.
0
Calculate the remainder when 6712822 is divided by 235.
47
What is the remainder when 31573713 is divided by 51256?
17
What is the remainder when 40705745 is divided by 10176434?
9
What is the remainder when 5005380 is divided by 760?
20
What is the remainder when 4279199 is divided by 81?
50
What is the remainder when 895405 is divided by 44770?
5
Calculate the remainder when 117215 is divided by 2055.
80
What is the remainder when 1050610 is divided by 751?
712
Calculate the remainder when 9020323 is divided by 1732.
67
What is the remainder when 1134549 is divided by 70909?
5
What is the remainder when 3018044 is divided by 274348?
216
Calculate the remainder when 2400221 is divided by 300018.
77
What is the remainder when 2916 is divided by 2905?
11
What is the remainder when 13182343 is divided by 807?
805
Calculate the remainder when 82347 is divided by 176.
155
What is the remainder when 298115 is divided by 39?
38
What is the remainder when 3074899 is divided by 485?
484
Calculate the remainder when 42077948 is divided by 174.
50
Calculate the remainder when 4164151 is divided by 74.
23
What is the remainder when 282515 is divided by 7847?
23
Calculate the remainder when 163980971 is divided by 233.
231
What is the remainder when 45626241 is divided by 1140656?
1
What is the remainder when 5185158 is divided by 2005?
228
What is the remainder when 1441231 is divided by 676?
675
Calculate the remainder when 47748 is divided by 1371.
1134
Calculate the remainder when 1234329 is divided by 411402.
123
What is the remainder when 4642852 is divided by 2392?
2372
What is the remainder when 13982 is divided by 26?
20
Calculate the remainder when 704231 is divided by 543.
503
Calculate the remainder when 585701 is divided by 84.
53
What is the remainder when 7788921 is divided by 3026?
3023
Calculate the remainder when 45949 is divided by 22493.
963
What is the remainder when 11428492 is divided by 406?
404
Calculate the remainder when 478801 is divided by 38.
1
What is the remainder when 5808764 is divided by 375?
14
What is the remainder when 260058 is divided by 18574?
22
Calculate the remainder when 5409038 is divided by 1110.
8
What is the remainder when 220525 is divided by 2563?
107
Calculate the remainder when 631345 is divided by 35.
15
What is the remainder when 19579717 is divided by 98?
3
Calculate the remainder when 2679304 is divided by 4280.
24
What is the remainder when 1266043 is divided by 450?
193
What is the remainder when 101042488 is divided by 526?
518
What is the remainder when 45887245 is divided by 425?
420
What is the remainder when 9680281 is divided by 230?
41
Calculate the remainder when 71860861 is divided by 2624.
2621
Calculate the remainder when 20697 is divided by 15315.
5382
What is the remainder when 452